 and b?
100
Let l be (133/(-19))/((-1)/16). Suppose 0 = -6*m + 12*m - 48. Calculate the highest common divisor of l and m.
8
Let v be 4/(-18) - 190/(-45) - (-177 + 173). Let a be (-2)/(-12) + (-1103)/(-6). What is the greatest common factor of a and v?
8
Let n(a) = -a**2 + 13*a + 3691. Let z be n(-45). Calculate the greatest common divisor of 752 and z.
47
Suppose -j = 2*q, 0 = 2*q + 29 - 31. Let m be 1156/64 - j/(-32). Calculate the highest common divisor of m and 2.
2
Let n(c) = -6*c - 64. Let j be (68*4/8)/(-3 + 1). Let t be n(j). What is the highest common divisor of t and 95?
19
Let d(b) = -28*b - 269. Suppose -24 + 112 = -8*p. Let w be d(p). Calculate the highest common divisor of w and 26.
13
Suppose 0*k + 2*k = 14. Suppose 37*q - 28 = 44*q. Let i be (-15 + 29)/(q/(-22) - 0). Calculate the highest common factor of i and k.
7
Let y(j) be the second derivative of -j**4/6 - 28*j**3/3 - 5*j**2/2 + 16*j - 2. Let r be y(-26). What is the highest common divisor of r and 33?
33
Suppose 79*l = -4*l + 7802. Calculate the highest common divisor of 987 and l.
47
Let m(c) = -c**2 + 2. Let q(d) = -12*d**2 + 13*d - 10. Let u(z) = 4*m(z) - q(z). Let x be u(6). What is the highest common factor of 152 and x?
76
Let v(f) = f**3 - 3*f**2 - 3*f - 4. Let c be v(-3). Let t be (0 - -15)/(3/(-45)*3). Let a = c - t. Calculate the greatest common divisor of a and 26.
26
Let u be (-270)/(-9) + 2/2. Calculate the greatest common divisor of u and 2015.
31
Let z be (3/(-6))/((-2)/(-24)). Let a be (-10)/(2*z/24). What is the highest common factor of a and 15?
5
Let m(l) = l**3 - 7*l**2 - 3*l - 10. Let c be m(9). Suppose 4*x - c = 127. Let d be (4/(-3))/((-4)/x). What is the highest common factor of 105 and d?
21
Let i(b) = b**3 + 9*b**2 + 14*b + 10. Let o be 494/(-78) - 4/6. Let a be i(o). What is the highest common divisor of a and 35?
5
Let c be ((-308)/(-42))/(-11) + 844/6. Let y = -84 + c. Calculate the highest common factor of y and 616.
56
Let g be (-948)/(-10) + -1*(-2)/10. Let y = -70 + 127. Calculate the highest common factor of y and g.
19
Let i(g) = g**2 + 11*g + 8. Let f(x) = 4*x + 3. Let n(y) = -17*f(y) + 6*i(y). Let l be n(-6). Calculate the highest common divisor of l and 25.
25
Let a(o) = 27*o**3 - 18*o**2 + 50*o - 301. Let s be a(7). Calculate the highest common divisor of 516 and s.
172
Suppose 10916*q - 21645 = 10877*q. What is the highest common divisor of 1443 and q?
111
Suppose -4*r = -3*u - 13461, 21*r = 19*r + 4*u + 6748. What is the highest common factor of r and 32?
32
Let r be 2 + 0 + 60/(-30). Suppose -3*u - 89 - 4 = r. Let w = u - -145. What is the greatest common divisor of w and 76?
38
Suppose 292447 = 87*n + 9784. Calculate the greatest common divisor of 18 and n.
9
Let d be 4 + (-209 + 2 - 1 - 1). Let g = 229 + d. What is the highest common divisor of g and 6?
6
Suppose -3*g = 3*p - 30678, -175*g = 4*p - 180*g - 40886. Calculate the greatest common divisor of 288 and p.
144
Let u(k) = 2*k**2 - 9*k + 30. Let q be u(11). Let d = -129 + q. What is the highest common factor of d and 66?
22
Let x be -10*8/(-120)*357. What is the highest common factor of 306 and x?
34
Suppose -4*v + 12 = -2*s + 86, -2*v - 25 = -5*s. Let y be (-2 + 4/5)*v. What is the highest common factor of 3 and y?
3
Let o(k) = -58*k + 8. Let h(l) = 7*l + 3. Let n be h(-1). Let x be o(n). Suppose x = 15*q - 13*q. What is the greatest common factor of q and 15?
15
Let w = -313 - -338. Let i = 131 - 189. Let d = -53 - i. Calculate the greatest common factor of w and d.
5
Let m = -2840 - -2900. Calculate the greatest common factor of 1572 and m.
12
Suppose -183*d = -73*d + 144*d - 471170. What is the highest common divisor of 280 and d?
35
Let i be (-224)/((-240)/(-180)*(-3)/10). What is the highest common divisor of i and 105?
35
Let a(r) = -r**3 + 22*r**2 - 8*r - 209. Let f be a(21). What is the greatest common factor of f and 2336?
32
Let t be (1 - -4 - 2) + -8. Let l be (40/(-4))/t + 208. Let y = -32 - -53. Calculate the highest common divisor of l and y.
21
Let q = -83 + 165. Let v be 1845/q*(-1 - 10/(-6)). Suppose -16*j + 9 = -v*j. Calculate the highest common divisor of j and 81.
9
Let x = 49 + -47. Let g(h) = 8 + 0*h + 1 - x*h. Let i be g(-6). Calculate the highest common factor of 14 and i.
7
Let b(d) = -12*d**2 - 11*d**2 - 54 + 2*d + 4*d**2 + 11*d**2 + 9*d**2. Let o be b(-10). Calculate the highest common divisor of o and 351.
13
Let c be ((-6)/(-4))/(-1 - 12/(-8)). Let k = -2330 + 2399. What is the highest common divisor of c and k?
3
Suppose 31*u + 602 = 74*u. Let n = 1112 - 524. Calculate the greatest common factor of u and n.
14
Let p(s) = -50*s + 4115. Let m be p(82). Calculate the highest common divisor of m and 168.
3
Let d = -279 + 533. Suppose 5*s = 2*s - 6, 4*w - s = d. Suppose -2*c + 36 = 4*p - 0, 4*c - p - w = 0. What is the greatest common divisor of c and 176?
16
Suppose -64508 + 21443 = -140*y + 331155. Calculate the greatest common factor of 486 and y.
243
Let b = 49 + -41. Suppose 5*o = -s + 3, -b*s = -2*o - 7*s + 4. Suppose 5*k + o = -4*w, -19 = 2*w - w + 5*k. Calculate the greatest common divisor of w and 2.
2
Let o = 89 + -83. Let x be (4 - 5) + -3 + o. Suppose -x*r - 72 = -5*r. What is the highest common divisor of r and 6?
6
Let h = -1 - 0. Let s(f) be the third derivative of -73*f**4/12 + 2*f**3/3 - 367*f**2. Let u be s(h). Calculate the greatest common divisor of 60 and u.
30
Let f(d) = d**3 + 39*d**2 - 134*d + 67. Let u be f(-42). Calculate the greatest common factor of 496 and u.
31
Suppose 534 = 5*x - 3*i - 32, 3*i + 6 = 0. Let w(o) = -30*o - 1. Let p be w(-3). Let q = x - p. What is the highest common factor of 69 and q?
23
Suppose 0 = -30*k + 63*k + 19041. Let z = k - -653. Calculate the highest common factor of 8 and z.
4
Let c(k) = 3*k - 53. Let i be c(18). Let q be i*(3 - (-127 - -5)). Calculate the greatest common factor of 5 and q.
5
Let l(g) = -g**3 + 5*g**2 + 1. Let w be l(5). Let p be ((-1)/3)/(w/(-81)). Let m be 6/(-4 - 8) + (-19)/(-2). What is the greatest common divisor of p and m?
9
Let n be (261/3 - -5) + (11 - 16). Suppose 0 = 2*i - 3*i + 29. Calculate the highest common factor of n and i.
29
Let y(f) = 15*f**2 + 43*f + 422. Let t be y(-14). What is the greatest common divisor of t and 80?
40
Let g = 16 + 58. Let y(d) = -2*d**3 - 5*d**2 + 6*d + 13. Let w be 74/111*(1 - 7). Let f be y(w). Calculate the greatest common factor of f and g.
37
Let m(w) = 58*w + 16. Let o(x) = -39*x - 11. Let c(s) = -5*m(s) - 7*o(s). Let t be c(-1). Calculate the greatest common factor of t and 406.
14
Let k(u) = -11*u**2 + 113*u + 13. Let s be k(8). What is the highest common factor of s and 48?
3
Suppose 2*t = -2*a + 214, -2*t + 318 = 3*a + 2*t. Let c be 0/3 + 4 + 2 + (-8)/(-2). What is the greatest common divisor of a and c?
10
Suppose -41*r + 26892 + 17306 = 0. Suppose -6*b + 2*a = -2*b - 98, -3*b + 5*a = -91. Calculate the highest common divisor of b and r.
22
Suppose 0 = 3*n - 5*o - 11299, -3605 = 4*n + 2*o - 18679. Calculate the greatest common divisor of n and 120.
24
Let o(i) = -34*i + 2. Let f be o(-3). Let p be f + 0*(-4 - -5). What is the highest common divisor of p and 13?
13
Suppose 31*r = 33569 + 31996. Calculate the greatest common divisor of r and 94.
47
Let b = -339 - -690. Let h be b + 8/40*5. What is the highest common factor of h and 22?
22
Suppose 3*h + 26 - 80 = -3*b, 2*h + 4*b - 42 = 0. Let s(q) = 3*q**2 + 7*q - 298. Let u be s(-17). Calculate the highest common factor of h and u.
15
Suppose 4*o = 2*g - 0*g + 12, 5*o = 2*g + 15. Suppose 18 = -o*c - 12. Let d be ((-156)/(-20))/((-2)/c). Calculate the greatest common divisor of d and 78.
39
Let w be (-28)/168 - 1502/(-12). Suppose g - w = 300. Calculate the highest common divisor of g and 25.
25
Let c be -264*((-120)/(-108))/(2/12). Let x be (6/8)/((-165)/c). What is the highest common divisor of x and 2?
2
Suppose 36*u - 32*u = 1300. Suppose 0 = 12*x - u - 1691. Suppose 60 - 12 = 2*f. What is the highest common divisor of x and f?
24
Suppose -5*u + 135 = -5*s, 20*s - 18*s + 2*u + 46 = 0. Let p(d) = -d**3 - 28*d**2 - 74*d + 30. Let x be p(s). What is the greatest common factor of 1 and x?
1
Let t be (435 - 4/(-1)) + 6*(-16)/24. Calculate the greatest common factor of 6